{"id":5834,"date":"2023-09-19T16:17:17","date_gmt":"2023-09-19T13:17:17","guid":{"rendered":"https:\/\/bey-ka.com\/?page_id=5834"},"modified":"2023-10-13T11:47:48","modified_gmt":"2023-10-13T08:47:48","slug":"hizmetlerimiz","status":"publish","type":"page","link":"https:\/\/bey-ka.com\/index.php\/hizmetlerimiz\/","title":{"rendered":"Hizmetlerimiz"},"content":{"rendered":"[vc_row type=&#8221;full_width_background&#8221; full_screen_row_position=&#8221;middle&#8221; column_margin=&#8221;default&#8221; column_direction=&#8221;default&#8221; column_direction_tablet=&#8221;default&#8221; column_direction_phone=&#8221;default&#8221; scene_position=&#8221;center&#8221; top_padding=&#8221;8%&#8221; bottom_padding=&#8221;8%&#8221; text_color=&#8221;dark&#8221; text_align=&#8221;left&#8221; row_border_radius=&#8221;none&#8221; row_border_radius_applies=&#8221;bg&#8221; overflow=&#8221;visible&#8221; overlay_strength=&#8221;0.3&#8243; gradient_direction=&#8221;left_to_right&#8221; shape_divider_position=&#8221;bottom&#8221; bg_image_animation=&#8221;none&#8221; shape_type=&#8221;&#8221;][vc_column column_padding=&#8221;padding-2-percent&#8221; column_padding_tablet=&#8221;inherit&#8221; column_padding_phone=&#8221;inherit&#8221; column_padding_position=&#8221;right&#8221; column_element_direction_desktop=&#8221;default&#8221; column_element_spacing=&#8221;default&#8221; desktop_text_alignment=&#8221;default&#8221; tablet_text_alignment=&#8221;default&#8221; phone_text_alignment=&#8221;default&#8221; background_color_opacity=&#8221;1&#8243; background_hover_color_opacity=&#8221;1&#8243; column_backdrop_filter=&#8221;none&#8221; column_shadow=&#8221;none&#8221; column_border_radius=&#8221;none&#8221; column_link_target=&#8221;_self&#8221; column_position=&#8221;default&#8221; gradient_direction=&#8221;left_to_right&#8221; overlay_strength=&#8221;0.3&#8243; width=&#8221;1\/3&#8243; tablet_width_inherit=&#8221;default&#8221; animation_type=&#8221;default&#8221; bg_image_animation=&#8221;none&#8221; border_type=&#8221;simple&#8221; column_border_width=&#8221;none&#8221; column_border_style=&#8221;solid&#8221;][vc_column_text css=&#8221;.vc_custom_1695128876100{padding-top: 10% !important;}&#8221;]\n<h2>Biz<br \/>\nNe Yap\u0131yoruz ?<\/h2>\n[\/vc_column_text][nectar_btn size=&#8221;large&#8221; button_style=&#8221;see-through&#8221; button_color_2=&#8221;Extra-Color-1&#8243; color_override=&#8221;#967041&#8243; icon_family=&#8221;default_arrow&#8221; url=&#8221;#&#8221; text=&#8221;Detayl\u0131 \u0130ncele&#8221; margin_top=&#8221;15&#8243;][\/vc_column][vc_column column_padding=&#8221;no-extra-padding&#8221; column_padding_tablet=&#8221;inherit&#8221; column_padding_phone=&#8221;inherit&#8221; column_padding_position=&#8221;all&#8221; column_element_direction_desktop=&#8221;default&#8221; column_element_spacing=&#8221;default&#8221; desktop_text_alignment=&#8221;default&#8221; tablet_text_alignment=&#8221;default&#8221; phone_text_alignment=&#8221;default&#8221; background_color_opacity=&#8221;1&#8243; background_hover_color_opacity=&#8221;1&#8243; column_backdrop_filter=&#8221;none&#8221; column_shadow=&#8221;none&#8221; column_border_radius=&#8221;none&#8221; column_link_target=&#8221;_self&#8221; column_position=&#8221;default&#8221; gradient_direction=&#8221;left_to_right&#8221; overlay_strength=&#8221;0.3&#8243; width=&#8221;2\/3&#8243; tablet_width_inherit=&#8221;default&#8221; animation_type=&#8221;default&#8221; bg_image_animation=&#8221;none&#8221; border_type=&#8221;simple&#8221; column_border_width=&#8221;none&#8221; column_border_style=&#8221;solid&#8221;][vc_row_inner column_margin=&#8221;default&#8221; column_direction=&#8221;default&#8221; column_direction_tablet=&#8221;default&#8221; column_direction_phone=&#8221;default&#8221; text_align=&#8221;left&#8221; row_position=&#8221;default&#8221; row_position_tablet=&#8221;inherit&#8221; row_position_phone=&#8221;inherit&#8221; overflow=&#8221;visible&#8221; pointer_events=&#8221;all&#8221;][vc_column_inner column_padding=&#8221;padding-1-percent&#8221; column_padding_tablet=&#8221;inherit&#8221; column_padding_phone=&#8221;inherit&#8221; column_padding_position=&#8221;all&#8221; column_element_direction_desktop=&#8221;default&#8221; column_element_spacing=&#8221;default&#8221; desktop_text_alignment=&#8221;default&#8221; tablet_text_alignment=&#8221;default&#8221; phone_text_alignment=&#8221;default&#8221; background_color_opacity=&#8221;1&#8243; background_hover_color_opacity=&#8221;1&#8243; column_backdrop_filter=&#8221;none&#8221; column_shadow=&#8221;none&#8221; column_border_radius=&#8221;none&#8221; column_link_target=&#8221;_self&#8221; overflow=&#8221;visible&#8221; gradient_direction=&#8221;left_to_right&#8221; overlay_strength=&#8221;0.3&#8243; width=&#8221;1\/2&#8243; tablet_width_inherit=&#8221;default&#8221; animation_type=&#8221;default&#8221; bg_image_animation=&#8221;none&#8221; border_type=&#8221;simple&#8221; column_border_width=&#8221;none&#8221; column_border_style=&#8221;solid&#8221;][fancy_box box_style=&#8221;color_box_hover&#8221; icon_family=&#8221;iconsmind&#8221; color=&#8221;extra-color-1&#8243; color_custom=&#8221;#967041&#8243; color_box_hover_overlay_opacity=&#8221;default&#8221; box_alignment=&#8221;left&#8221; border_radius=&#8221;default&#8221; image_loading=&#8221;default&#8221; icon_iconsmind=&#8221;iconsmind-Cool-Guy&#8221; min_height=&#8221;200&#8243;]\n<h3>\u00dcst Yap\u0131 Hizmetleri<\/h3>\n<p>\u00dclkemizde kentsel d\u00f6n\u00fc\u015f\u00fcm projeleri bir ihtiya\u00e7 halini alm\u0131\u015ft\u0131r. Kentsel d\u00f6n\u00fc\u015f\u00fcm projelerinde kentlilerin sa\u011fl\u0131kl\u0131, kaliteli ve temiz bir \u00e7evrede ya\u015famalar\u0131n\u0131 ama\u00e7lamaktad\u0131r.\u00a0Kentsel d\u00f6n\u00fc\u015f\u00fcm projelerinde hak sahipleri ile, ilgili kanun kapsam\u0131nda anla\u015farak yenileme projeleri ve di\u011fer \u00fcstyap\u0131 projelerinde hizmet vermekteyiz. Rekabetin yo\u011fun oldu\u011fu bu sekt\u00f6rde g\u00fcvenilirli\u011fimiz sayesinde genellikle m\u00fc\u015fterilerimizin tavsiyeleri ile tercih ediliyoruz.[\/fancy_box][fancy_box box_style=&#8221;color_box_hover&#8221; icon_family=&#8221;iconsmind&#8221; color=&#8221;extra-color-1&#8243; color_custom=&#8221;#967041&#8243; color_box_hover_overlay_opacity=&#8221;default&#8221; box_alignment=&#8221;left&#8221; border_radius=&#8221;default&#8221; image_loading=&#8221;default&#8221; icon_iconsmind=&#8221;iconsmind-Cool-Guy&#8221; min_height=&#8221;200&#8243;]\n<h3>Mimarl\u0131k<\/h3>\n<p>Ayr\u0131nt\u0131lara bazen yukar\u0131dan, bazen geni\u015f a\u00e7\u0131yla bazen de yak\u0131ndan bakmak gerekebilir\u2026 E\u011fer do\u011fru yerden bakarsan\u0131z; bir ayr\u0131nt\u0131, bir tasar\u0131m, farkl\u0131 bir proje veya sadece estetikle gelen sadelik sizi m\u00fckemmelli\u011fe g\u00f6t\u00fcrebilir. Ya\u015fad\u0131\u011f\u0131n\u0131z an bulundu\u011funuz yerle s\u0131n\u0131rl\u0131d\u0131r\u2026 \u00a0Ama bulundu\u011funuz yer size m\u00fckemmelli\u011fi vaat ediyorsa, orada s\u0131n\u0131r yaln\u0131zca zamand\u0131r! K\u00fc\u00e7\u00fck ayr\u0131nt\u0131lar\u0131n yaratt\u0131\u011f\u0131 m\u00fckemmelli\u011fi ya\u015faman\u0131z ve zaman\u0131n\u0131z\u0131 mutlulu\u011fa ay\u0131rman\u0131z i\u00e7in \u00e7\u00f6z\u00fcm orta\u011f\u0131n\u0131z.[\/fancy_box][\/vc_column_inner][vc_column_inner column_padding=&#8221;padding-1-percent&#8221; column_padding_tablet=&#8221;inherit&#8221; column_padding_phone=&#8221;inherit&#8221; column_padding_position=&#8221;all&#8221; column_element_direction_desktop=&#8221;default&#8221; column_element_spacing=&#8221;default&#8221; desktop_text_alignment=&#8221;default&#8221; tablet_text_alignment=&#8221;default&#8221; phone_text_alignment=&#8221;default&#8221; background_color_opacity=&#8221;1&#8243; background_hover_color_opacity=&#8221;1&#8243; column_backdrop_filter=&#8221;none&#8221; column_shadow=&#8221;none&#8221; column_border_radius=&#8221;none&#8221; column_link_target=&#8221;_self&#8221; overflow=&#8221;visible&#8221; gradient_direction=&#8221;left_to_right&#8221; overlay_strength=&#8221;0.3&#8243; width=&#8221;1\/2&#8243; tablet_width_inherit=&#8221;default&#8221; animation_type=&#8221;default&#8221; bg_image_animation=&#8221;none&#8221; border_type=&#8221;simple&#8221; column_border_width=&#8221;none&#8221; column_border_style=&#8221;solid&#8221;][fancy_box box_style=&#8221;color_box_hover&#8221; icon_family=&#8221;iconsmind&#8221; color=&#8221;extra-color-1&#8243; color_custom=&#8221;#967041&#8243; color_box_hover_overlay_opacity=&#8221;default&#8221; box_alignment=&#8221;left&#8221; border_radius=&#8221;default&#8221; image_loading=&#8221;default&#8221; icon_iconsmind=&#8221;iconsmind-Cool-Guy&#8221; min_height=&#8221;200&#8243;]\n<h3>Anahtar Teslim \u0130n\u015faat<\/h3>\n<p>Anahtar teslim in\u015faat ve tadilat i\u015fleri b\u00fcy\u00fck bir tecr\u00fcbe gerektirir. 1988 y\u0131l\u0131ndan beri in\u015faat, tadilat ve dekorasyon sekt\u00f6r\u00fcnde aral\u0131ks\u0131z olarak hizmet vermekteyiz. \u0130\u015fimizi sa\u011flam yapman\u0131n verdi\u011fi \u00f6zg\u00fcven ile dekorasyon, tadilat ve imalat i\u015flerinde \u00e7\u00f6z\u00fcm orta\u011f\u0131n\u0131z\u0131z.[\/fancy_box][fancy_box box_style=&#8221;color_box_hover&#8221; icon_family=&#8221;iconsmind&#8221; color=&#8221;extra-color-1&#8243; color_custom=&#8221;#967041&#8243; color_box_hover_overlay_opacity=&#8221;default&#8221; box_alignment=&#8221;left&#8221; border_radius=&#8221;default&#8221; image_loading=&#8221;default&#8221; icon_iconsmind=&#8221;iconsmind-Cool-Guy&#8221; min_height=&#8221;200&#8243;]\n<h3>Tadilat<\/h3>\n<p><span style=\"color: #000000;\">&#8220;Ev, ofis, cafe ve restoran tadilatlar\u0131, mekanlar\u0131 daha i\u015flevsel, estetik ve modern hale getirme s\u00fcre\u00e7leridir. Bu tadilatlar, i\u00e7 mekan\u0131n d\u00fczenlenmesi, dekorasyonun g\u00fcncellenmesi, mobilyalar\u0131n se\u00e7imi ve yerle\u015ftirilmesi gibi unsurlar\u0131 i\u00e7erir. Tadilatlar, mekan\u0131n ihtiya\u00e7lar\u0131na, kullan\u0131c\u0131lar\u0131n beklentilerine ve stil tercihlerine uygun \u015fekilde yap\u0131l\u0131r. Hem g\u00f6rsel \u00e7ekicili\u011fi art\u0131rmak hem de kullan\u0131m kolayl\u0131\u011f\u0131n\u0131 sa\u011flamak amac\u0131yla yap\u0131lan tadilatlar, mekan\u0131n ambiyans\u0131n\u0131 ve fonksiyonelli\u011fini \u00f6nemli \u00f6l\u00e7\u00fcde iyile\u015ftirebilir. Profesyonel tasar\u0131m ve in\u015faat ekibi ile ger\u00e7ekle\u015ftirilen tadilatlar, mekan\u0131n \u00f6zg\u00fcn karakterini yans\u0131tarak modern ve etkileyici bir atmosfer olu\u015fturabilir.&#8221;<\/span><\/p>\n<p><span style=\"color: #000000;\">Unutmay\u0131n ki tadilat s\u00fcre\u00e7lerinde uzman ki\u015filerle \u00e7al\u0131\u015fmak ve ihtiya\u00e7lar\u0131n\u0131za uygun tasar\u0131m ve dekorasyon se\u00e7imleri yapmak \u00f6nemlidir.<\/span>[\/fancy_box][\/vc_column_inner][\/vc_row_inner][\/vc_column][\/vc_row][vc_row type=&#8221;full_width_content&#8221; full_screen_row_position=&#8221;middle&#8221; column_margin=&#8221;default&#8221; column_direction=&#8221;default&#8221; column_direction_tablet=&#8221;default&#8221; column_direction_phone=&#8221;default&#8221; scene_position=&#8221;center&#8221; top_padding=&#8221;5%&#8221; bottom_padding=&#8221;5%&#8221; text_color=&#8221;dark&#8221; text_align=&#8221;left&#8221; row_border_radius=&#8221;none&#8221; row_border_radius_applies=&#8221;bg&#8221; overflow=&#8221;visible&#8221; overlay_strength=&#8221;0.3&#8243; gradient_direction=&#8221;left_to_right&#8221; shape_divider_position=&#8221;bottom&#8221; bg_image_animation=&#8221;none&#8221;][vc_column column_padding=&#8221;no-extra-padding&#8221; column_padding_tablet=&#8221;inherit&#8221; column_padding_phone=&#8221;inherit&#8221; column_padding_position=&#8221;all&#8221; column_element_direction_desktop=&#8221;default&#8221; column_element_spacing=&#8221;default&#8221; desktop_text_alignment=&#8221;default&#8221; tablet_text_alignment=&#8221;default&#8221; phone_text_alignment=&#8221;default&#8221; background_color_opacity=&#8221;1&#8243; background_hover_color_opacity=&#8221;1&#8243; column_backdrop_filter=&#8221;none&#8221; column_shadow=&#8221;none&#8221; column_border_radius=&#8221;none&#8221; column_link_target=&#8221;_self&#8221; column_position=&#8221;default&#8221; gradient_direction=&#8221;left_to_right&#8221; overlay_strength=&#8221;0.3&#8243; width=&#8221;1\/1&#8243; tablet_width_inherit=&#8221;default&#8221; animation_type=&#8221;default&#8221; bg_image_animation=&#8221;none&#8221; border_type=&#8221;simple&#8221; column_border_width=&#8221;none&#8221; column_border_style=&#8221;solid&#8221;][split_line_heading animation_type=&#8221;line-reveal-by-space&#8221; font_style=&#8221;h2&#8243; text_color=&#8221;#967041&#8243; line_reveal_by_space_text_effect=&#8221;letter-reveal-bottom&#8221; content_alignment=&#8221;center&#8221; mobile_content_alignment=&#8221;inherit&#8221; link_target=&#8221;_self&#8221; text_content=&#8221;Projelerimiz&#8221; font_size=&#8221;5vw&#8221; font_line_height=&#8221;1&#8243; animation_delay=&#8221;200&#8243; font_size_tablet=&#8221;12vw&#8221;][\/split_line_heading][vc_gallery type=&#8221;flickity_style&#8221; images=&#8221;5905,5892,5890,5889,5900,5899,5896&#8243; flickity_spacing=&#8221;default&#8221; flickity_controls=&#8221;next_prev_arrows&#8221; flickity_overflow=&#8221;hidden&#8221; flickity_wrap_around=&#8221;wrap&#8221; flickity_desktop_columns=&#8221;1&#8243; flickity_small_desktop_columns=&#8221;1&#8243; flickity_tablet_columns=&#8221;1&#8243; flickity_phone_columns=&#8221;1&#8243; flickity_box_shadow=&#8221;large_depth&#8221; image_loading=&#8221;default&#8221; onclick=&#8221;link_no&#8221;][\/vc_column][\/vc_row][vc_row type=&#8221;in_container&#8221; full_screen_row_position=&#8221;middle&#8221; column_margin=&#8221;default&#8221; column_direction=&#8221;default&#8221; column_direction_tablet=&#8221;default&#8221; column_direction_phone=&#8221;default&#8221; scene_position=&#8221;center&#8221; text_color=&#8221;dark&#8221; text_align=&#8221;left&#8221; row_border_radius=&#8221;none&#8221; row_border_radius_applies=&#8221;bg&#8221; overflow=&#8221;visible&#8221; overlay_strength=&#8221;0.3&#8243; gradient_direction=&#8221;left_to_right&#8221; shape_divider_position=&#8221;bottom&#8221; bg_image_animation=&#8221;none&#8221;][vc_column column_padding=&#8221;no-extra-padding&#8221; column_padding_tablet=&#8221;inherit&#8221; column_padding_phone=&#8221;inherit&#8221; column_padding_position=&#8221;all&#8221; column_element_direction_desktop=&#8221;default&#8221; column_element_spacing=&#8221;default&#8221; desktop_text_alignment=&#8221;default&#8221; tablet_text_alignment=&#8221;default&#8221; phone_text_alignment=&#8221;default&#8221; background_color_opacity=&#8221;1&#8243; background_hover_color_opacity=&#8221;1&#8243; column_backdrop_filter=&#8221;none&#8221; column_shadow=&#8221;none&#8221; column_border_radius=&#8221;none&#8221; column_link_target=&#8221;_self&#8221; column_position=&#8221;default&#8221; gradient_direction=&#8221;left_to_right&#8221; overlay_strength=&#8221;0.3&#8243; width=&#8221;1\/1&#8243; tablet_width_inherit=&#8221;default&#8221; animation_type=&#8221;default&#8221; bg_image_animation=&#8221;none&#8221; border_type=&#8221;simple&#8221; column_border_width=&#8221;none&#8221; column_border_style=&#8221;solid&#8221;][divider line_type=&#8221;No Line&#8221; custom_height=&#8221;15&#8243;][divider line_type=&#8221;No Line&#8221; custom_height=&#8221;15&#8243;][divider line_type=&#8221;No Line&#8221; custom_height=&#8221;15&#8243;][\/vc_column][\/vc_row]\n","protected":false},"excerpt":{"rendered":"<p>[vc_row type=&#8221;full_width_background&#8221; full_screen_row_position=&#8221;middle&#8221; column_margin=&#8221;default&#8221; column_direction=&#8221;default&#8221; column_direction_tablet=&#8221;default&#8221; column_direction_phone=&#8221;default&#8221; scene_position=&#8221;center&#8221; top_padding=&#8221;8%&#8221; bottom_padding=&#8221;8%&#8221; text_color=&#8221;dark&#8221; text_align=&#8221;left&#8221; row_border_radius=&#8221;none&#8221; row_border_radius_applies=&#8221;bg&#8221; overflow=&#8221;visible&#8221; overlay_strength=&#8221;0.3&#8243; gradient_direction=&#8221;left_to_right&#8221; shape_divider_position=&#8221;bottom&#8221; bg_image_animation=&#8221;none&#8221; shape_type=&#8221;&#8221;][vc_column column_padding=&#8221;padding-2-percent&#8221; column_padding_tablet=&#8221;inherit&#8221; column_padding_phone=&#8221;inherit&#8221; column_padding_position=&#8221;right&#8221; column_element_direction_desktop=&#8221;default&#8221; column_element_spacing=&#8221;default&#8221; desktop_text_alignment=&#8221;default&#8221; tablet_text_alignment=&#8221;default&#8221; phone_text_alignment=&#8221;default&#8221; background_color_opacity=&#8221;1&#8243;&#8230;<\/p>\n","protected":false},"author":1,"featured_media":0,"parent":0,"menu_order":0,"comment_status":"closed","ping_status":"closed","template":"","meta":{"footnotes":""},"_links":{"self":[{"href":"https:\/\/bey-ka.com\/index.php\/wp-json\/wp\/v2\/pages\/5834"}],"collection":[{"href":"https:\/\/bey-ka.com\/index.php\/wp-json\/wp\/v2\/pages"}],"about":[{"href":"https:\/\/bey-ka.com\/index.php\/wp-json\/wp\/v2\/types\/page"}],"author":[{"embeddable":true,"href":"https:\/\/bey-ka.com\/index.php\/wp-json\/wp\/v2\/users\/1"}],"replies":[{"embeddable":true,"href":"https:\/\/bey-ka.com\/index.php\/wp-json\/wp\/v2\/comments?post=5834"}],"version-history":[{"count":4,"href":"https:\/\/bey-ka.com\/index.php\/wp-json\/wp\/v2\/pages\/5834\/revisions"}],"predecessor-version":[{"id":5922,"href":"https:\/\/bey-ka.com\/index.php\/wp-json\/wp\/v2\/pages\/5834\/revisions\/5922"}],"wp:attachment":[{"href":"https:\/\/bey-ka.com\/index.php\/wp-json\/wp\/v2\/media?parent=5834"}],"curies":[{"name":"wp","href":"https:\/\/api.w.org\/{rel}","templated":true}]}}